pose 5 = 5*r - 0. Let f(c) = c + 2. Let w = -21 - -13. Let m(u) = 4*u + 5. Let k(d) = w*f(d) + 3*m(d). What is k(r)?
3
Let i(w) be the third derivative of -w**4/24 + w**3/6 + w**2. Let a be (28/(-35))/((-1)/5). Suppose -a*j - 1 = 15. Determine i(j).
5
Let q(c) = -6*c**3 - 5*c**2 + 5 + 2*c**3 - 2 + 3*c**3. Suppose -6 - 3 = 4*i - 3*b, 0 = 5*i + b - 3. Suppose 10 = -2*r - i*r. Determine q(r).
3
Let g(v) = -14*v**3 - v**2 - v - 1. Let y(o) = -o. Let w(k) = g(k) - 3*y(k). Determine w(1).
-14
Let w(s) = -s**3 - 3 - 2 - s + 0 - 4*s**2 + 1. Determine w(-4).
0
Let c(y) = y + 1. Let p(d) = 2*d - 4. Let o(n) = -3*c(n) + p(n). Calculate o(-6).
-1
Let h(p) be the second derivative of -p**4/12 + 2*p**3/3 - p**2 + p. Suppose o = -4*i - 5, -2 = i - 0*i. Give h(o).
1
Let d(r) be the second derivative of -r**4/12 - 5*r**3/6 - r**2 - r. Determine d(-4).
2
Let f(n) = 0*n - 1 - n + 3*n - 4. What is f(-5)?
-15
Let t(o) = o**3 + 5*o**2 - o + 4. Let v = 15 - 20. Calculate t(v).
9
Let z(y) = 2*y - 4. Let p = 49 - 41. Determine z(p).
12
Let v(c) = -c**3 + 7*c**2 - 7*c + 1. Suppose r - 7 = -0. Let h be (-50)/(-8) + r/(-28). What is v(h)?
-5
Suppose 0 = -2*z + 2*j - 7*j + 26, 0 = z - 2*j + 5. Suppose 4*o - o = v + z, 4*o = 4*v + 20. Let x(n) = -n**2 - 8*n - 7. Give x(v).
5
Let x(y) = -1 + y**3 - 2*y**3 - 33*y**2 + 2*y + 32*y**2 + 2*y**3. Let t = -2 + 3. What is x(t)?
1
Let p = 7 + -11. Let h(c) = -4*c**2 + 9*c + 20. Let u(v) = -5*v**2 + 10*v + 23. Let n(d) = 6*h(d) - 5*u(d). Give n(p).
5
Let a(q) be the first derivative of -2/3*q**3 - 2*q**2 + 1/4*q**4 - q - 1. Determine a(3).
-4
Let h(b) be the first derivative of 1 - 7*b + 0*b**2 + 0*b**3 - 1/4*b**4. Let s = 0 + 0. Determine h(s).
-7
Let r(x) = 5*x + 2. Suppose 0*t + 8 = -4*t. Calculate r(t).
-8
Let h(m) = -m**3 + 2*m**2 - 4. Suppose -q - 3*q = 3*u - 18, 0 = -3*q + 3*u + 3. Determine h(q).
-13
Let x be 1*6/(-9)*6. Suppose 10 = 6*r - r. Let y(n) = -2 + 4 + 2 + r*n. Calculate y(x).
-4
Let q(m) = m - 3*m + 6 + m. Let y be q(8). Let r(s) be the second derivative of -2*s**3/3 - s**2 + s. What is r(y)?
6
Let r = -1 - -3. Let q(n) = 2 + n**2 - 4*n**r + 2*n**2 - 2*n - n**2 - n**3. Suppose 4*c = 6*t - 2*t - 16, -5*c = 5*t. What is q(c)?
6
Let h(d) be the first derivative of -d**4/4 + d**3/3 + 2*d**2 + d + 7. Calculate h(3).
-5
Let k = 68 - 62. Let u(y) = y**2 - 8*y + 6. Give u(k).
-6
Let y(t) be the second derivative of t**4/12 + t**3/6 + 7*t**2/2 - 30*t. Determine y(0).
7
Let x(u) = -2*u - 2. Let b be x(2). Let v(f) = f**3 + 6*f**2 + f - 6. Give v(b).
-12
Let l(k) = -k**3 - 4*k - 2*k**2 + 3*k - 2 - 2*k. Determine l(-2).
4
Suppose -3*a - i = 15, 4*a + 3*i = 3*a + 3. Let b(r) = r**3 + 7*r**2 + 6*r - 4. Give b(a).
-4
Let r(i) = -i + 1. Let o be r(1). Suppose o = -g - 2, -4*y = 4*g. Let a = y + -1. Let q(d) = -6*d**2 - d + 1. Calculate q(a).
-6
Let p(n) = -5*n**3 + 6*n**2 - 10*n - 9. Let v(f) = 4*f**3 - 6*f**2 + 9*f + 8. Let i(b) = 3*p(b) + 4*v(b). Give i(5).
10
Let v(h) = -1. Let q(i) = 3 + i + 5*i - 4*i + 0*i. Let s(g) = q(g) - 4*v(g). Suppose 1 = -y - 4. Calculate s(y).
-3
Let h(o) = 14*o**3 + 7*o**2 + 5*o + 5. Let v(f) = 7*f**3 + 3*f**2 + 2*f + 2. Let m(g) = -2*h(g) + 5*v(g). Determine m(1).
8
Let v(r) = -3*r**2 + r**3 - 4 + 3*r - 5*r + 3. Suppose 3*a - 24 = -4*z + 2, -24 = -2*a - 4*z. Determine v(a).
-9
Let j(r) be the second derivative of r**5/20 + 2*r**4/3 + r**3/3 + 3*r**2 - 2*r. Determine j(-8).
-10
Suppose 2*l + 1 = -5*i, -l = 6*i - 2*i + 2. Let v(x) = -6*x. Give v(l).
-12
Let v(p) = -4*p**2 + 11*p + 24. Let b(c) = c**2 - 3*c - 6. Let u(g) = -9*b(g) - 2*v(g). Give u(6).
0
Let o(l) be the first derivative of -2/3*l**3 + 1/120*l**5 + 0*l**2 + 0*l + 1/8*l**4 + 3. Let d(p) be the third derivative of o(p). What is d(0)?
3
Let a(q) be the first derivative of q**3/3 - q**2 - 1. What is a(3)?
3
Let j(b) be the third derivative of 0*b - b**2 + 0 - 1/3*b**3 + 1/24*b**4. Calculate j(-3).
-5
Let k(h) be the third derivative of h**5/60 - h**4/8 - h**3/3 - 11*h**2. Let r = 18 + -10. Suppose -u = u - r. What is k(u)?
2
Suppose -2*r - 3 = 2*a - 3*r, 0 = -3*a - 4*r - 10. Let x be 6 - a/(-2)*2. Suppose 0 = z + x*d - 9, 0 = -z + 4*d - 2*d - 9. Let k(n) = -n + 1. Calculate k(z).
4
Let g(i) = i**3 - 4*i - 3. Suppose 2*o - 5 = -1. Suppose 4 = -o*d - 0. Calculate g(d).
-3
Let g(i) = -3*i**3 + i**3 + 23*i - 24*i + 3*i**3 - 8. Suppose 0 = -3*m + 12, -2*x - m = -3*x - 4. Calculate g(x).
-8
Suppose 0 = -4*a + 15 + 9. Suppose -3*v = 9, x - a + 3 = v. Let i(g) = -5*g**2 + 6 + g**3 + 5*g**2 - g**2. Calculate i(x).
6
Let r(z) = -z**3 + 5*z**2 + 3*z - 2. Let k(u) be the first derivative of -u**4/4 + 4*u**3/3 + 3*u**2/2 - 2*u + 3. Let a(n) = -7*k(n) + 6*r(n). Determine a(-3).
2
Let a(c) = -c + 1. Suppose -2*v = -2*q + 6, 5*v - 1 = -4*q + 2. Let u(x) = 2*x + 2*x**2 + 2*x - 4*x**2 - 5. Let l(b) = v*u(b) - 4*a(b). Calculate l(1).
3
Let d = -33 + 33. Let t(h) = h**3 + h**2 - 3 - 4 + 3 - h. Determine t(d).
-4
Let c(d) be the first derivative of d**4/4 - 5*d**3/3 - 4*d**2 + 7*d - 33. Calculate c(6).
-5
Let u be (-1 + -1 + 1)*-3. Let t(d) = -u*d + 4*d + 2 + 4*d - 6*d. Let p = -2 - -4. Determine t(p).
0
Suppose 3*i + 4*i + 28 = 0. Let p(o) = -o**2 - 5*o. Calculate p(i).
4
Let s(p) be the second derivative of -p**4/12 + p**3 - 2*p**2 - 8*p. Give s(6).
-4
Let r(f) = -f**3 + f**2 + f + 1. Suppose h = 5 - 1. Suppose 0 = -h*t + 5*t. What is r(t)?
1
Let z(d) = -d**2 + d - 2. Let p(i) = -2*i**2 + 2*i - 4. Let f(n) = 6*p(n) - 11*z(n). Calculate f(0).
-2
Let y be 16/(-3)*(1 - -2). Let f = 11 + y. Let t(u) be the second derivative of u**4/12 + u**3/2 - 3*u**2 + 2*u. Determine t(f).
4
Let b = 9 + -15. Let y(r) = -3*r - 3. What is y(b)?
15
Let l = 13 + -19. Let y(r) = 2*r + 3. Calculate y(l).
-9
Let j be (2 - 0 - -4)*-1. Let c(u) = u + 4. Give c(j).
-2
Let d(m) = m**2 - m - 3. Let x(l) = -l**3 + 10*l**2 - 8*l - 6. Let h be x(9). Suppose -i - 3*j + j = 10, h*j = -6. Let p be (1/(-2))/(1/i). Calculate d(p).
3
Let j(i) be the first derivative of -1/3*i**3 - 4*i**2 + 1 - 6*i. Give j(-7).
1
Let n(k) = -2 - 2 + k**2 + 8 - 1. Determine n(0).
3
Let p(t) be the second derivative of 3*t**3/2 + 27*t. Determine p(-1).
-9
Let h(k) = k**2 - 6*k + 4*k**2 - 6*k**2. Calculate h(-4).
8
Let y(i) = i**2 + 4*i + 5. Suppose -1 - 7 = 4*c - 2*r, -16 = 5*c - 4*r. Let l = -4 + c. Give y(l).
5
Let g(s) = s**3 + 5*s**2 + 4*s + 2. Let j = -6 - -11. Suppose j*m + 4*p - 1 = 0, 2*p + 21 = -3*m + 5*p. What is g(m)?
8
Let v(d) be the third derivative of -d**4/24 - d**3/3 - 4*d**2. Let o = 9 + -6. Give v(o).
-5
Let l = -127 - -126. Let g(t) = -3*t**2. Calculate g(l).
-3
Let n be ((-120)/(-21) - (-4)/14)/2. Let x(p) = 7*p - 5. Let s(k) = 6*k - 4. Let w(d) = 4*s(d) - 3*x(d). Determine w(n).
8
Let k(c) = c + 1. Let i be k(0). Let y(f) = -5*f**2 + 2*f - 1. Calculate y(i).
-4
Let a = 10 + -16. Let d = 8 + a. Let i(v) = d*v + 0*v + 3 - v. Determine i(-3).
0
Let n(q) be the second derivative of q**3/2 - 5*q**2/2 - 8*q. Calculate n(6).
13
Let u(m) = m. Let j(p) = p + 1. Let x(t) = 3*j(t) - 4*u(t). Let v be x(0). Suppose 0 = -v*b - b - 16. Let a(z) = -z**2 - 6*z - 3. What is a(b)?
5
Suppose 2*l + 2 = a, 3*l - 2 = -a - 10. Let j(g) = -g + 2. Determine j(l).
4
Let t(s) = s**2 - 1. Let o(i) = 2*i**3 - 7*i**2 + 3*i + 2. Let k(g) = o(g) + 3*t(g). Determine k(2).
5
Suppose -2*w = 3*w. Let c(p) = p - 4. Let v be c(w). Let l(a) = 2*a - 5*a + 4 + a. What is l(v)?
12
Let c(y) = -4*y - 31. Let d be c(-9). Let w(u) = u + 7. What is w(d)?
12
Suppose -4*p = -6*p + 8. Let r(g) be the third derivative of 0 + 0*g**3 + 5/24*g**p - g**2 - 1/60*g**5 + 0*g. What is r(4)?
4
Let i(o) = -9*o + 9*o - 9 + o**3 + 2*o + 3*o + 8*o**2. Calculate i(-7).
5
Let r be (15/10)/(1/(-2)). Let f(n) = 3*n + 4. Give f(r).
-5
Let w(z) = 7*z**3 - 13*z**2 + 5*z + 7. Let t be (6 + -3)*(-10)/(-6). Let y(c) = 3*c**3 - 6*c**2 + 2*c + 3. Let u(q) = t*y(q) - 2*w(q). Calculate u(3).
-8
Let l(f) be the first derivative of -f**2 - 2*f - 1 + f**3 - 1/4*f**4. Suppose -3*s = -7*s + 8. Determine l(s).
-2
Let h(u) = -3*u**2 + 26*u + 23. Let o(d) = -d**2 + 13*d + 11. Let r(y) = 2*h(y) - 5*o(y). Give r(-12).
3
Let g(s) be the first derivative of s**3/3 + s**2 + 2*s + 1. Suppose 16 = 3*c + 28. Give g(c).
10
Let j(y) = -2*y - 9. Let x be j(-7). Let b(h) = 2*h - x*h + 4*h*